{"id":1066,"date":"2019-04-05T11:46:16","date_gmt":"2019-04-05T14:46:16","guid":{"rendered":"https:\/\/isfdbagralpico-lpa.infd.edu.ar\/sitio\/?page_id=1066"},"modified":"2023-08-22T22:51:04","modified_gmt":"2023-08-23T01:51:04","slug":"tecnicatura-en-desarrollo-y-gestion-de-microemprendimientos","status":"publish","type":"page","link":"https:\/\/isfdbagralpico-lpa.infd.edu.ar\/sitio\/tecnicatura-en-desarrollo-y-gestion-de-microemprendimientos\/","title":{"rendered":"Tecnicatura superior en emprendimientos socioproductivos"},"content":{"rendered":"<p style=\"text-align: left;\"><img decoding=\"async\" loading=\"lazy\" class=\"aligncenter  wp-image-1241\" src=\"https:\/\/isfdbagralpico-lpa.infd.edu.ar\/sitio\/wp-content\/uploads\/2021\/10\/Desarrollo.jpeg\" alt=\"\" width=\"923\" height=\"337\" srcset=\"https:\/\/isfdbagralpico-lpa.infd.edu.ar\/sitio\/wp-content\/uploads\/2021\/10\/Desarrollo.jpeg 945w, https:\/\/isfdbagralpico-lpa.infd.edu.ar\/sitio\/wp-content\/uploads\/2021\/10\/Desarrollo-768x280.jpeg 768w\" sizes=\"(max-width: 923px) 100vw, 923px\" \/><\/p>\n<p><b>Tecnicatura superior en emprendimientos socioproductivos<\/b><\/p>\n<p><b><i>Duraci\u00f3n 3 a\u00f1os\u00a0<\/i><\/b><\/p>\n<p>El\/la T\u00e9cnico\/a Superior en emprendimientos socio productivos\u00a0 , estar\u00e1 capacitado\/a para desempe\u00f1arse en distintos niveles de organizaciones (PyMEs,\u00a0 microemprendimientos, cooperativas y en proyectos asociativos y \/ o colaborativos)\u00a0<\/p>\n<p>Dise\u00f1ando , gestionando, produciendo y\u00a0 asesorando en el desarrollo de experiencias de emprendimientos socio productivos\u00a0 para la promoci\u00f3n del Desarrollo Local, regional y mundial, siendo capaz de utilizar modelos conceptuales, instrumentos legales y t\u00e9cnicos que apunten a la gesti\u00f3n de redes de emprendedores\/as y sistemas de comercio justo.<\/p>\n<p>Modalidad semipresencial de cursado<\/p>\n<p>Cursado intensivo los d\u00edas s\u00e1bados.<\/p>\n<p><a href=\"https:\/\/drive.google.com\/file\/d\/1tgq5DfphLASEj14rFRjgiqb9JaZKx8q6\/view?usp=sharing\">Plan de estudios\u00a0<\/a><\/p>\n\n\n<p><\/p>\n","protected":false},"excerpt":{"rendered":"<p>Tecnicatura superior en emprendimientos socioproductivos Duraci\u00f3n 3 a\u00f1os\u00a0 El\/la T\u00e9cnico\/a Superior en emprendimientos socio productivos\u00a0 , estar\u00e1 capacitado\/a para desempe\u00f1arse en distintos niveles de organizaciones (PyMEs,\u00a0 microemprendimientos, cooperativas y en proyectos asociativos y \/ o colaborativos)\u00a0 Dise\u00f1ando , gestionando, produciendo y\u00a0 asesorando en el desarrollo de experiencias de emprendimientos socio productivos\u00a0 para la promoci\u00f3n del &#8230; <a title=\"Tecnicatura superior en emprendimientos socioproductivos\" class=\"read-more\" href=\"https:\/\/isfdbagralpico-lpa.infd.edu.ar\/sitio\/tecnicatura-en-desarrollo-y-gestion-de-microemprendimientos\/\" aria-label=\"More on Tecnicatura superior en emprendimientos socioproductivos\">[+]<\/a><\/p>\n","protected":false},"author":123,"featured_media":0,"parent":0,"menu_order":0,"comment_status":"closed","ping_status":"closed","template":"","meta":[],"acf":[],"_links":{"self":[{"href":"https:\/\/isfdbagralpico-lpa.infd.edu.ar\/sitio\/wp-json\/wp\/v2\/pages\/1066"}],"collection":[{"href":"https:\/\/isfdbagralpico-lpa.infd.edu.ar\/sitio\/wp-json\/wp\/v2\/pages"}],"about":[{"href":"https:\/\/isfdbagralpico-lpa.infd.edu.ar\/sitio\/wp-json\/wp\/v2\/types\/page"}],"author":[{"embeddable":true,"href":"https:\/\/isfdbagralpico-lpa.infd.edu.ar\/sitio\/wp-json\/wp\/v2\/users\/123"}],"replies":[{"embeddable":true,"href":"https:\/\/isfdbagralpico-lpa.infd.edu.ar\/sitio\/wp-json\/wp\/v2\/comments?post=1066"}],"version-history":[{"count":11,"href":"https:\/\/isfdbagralpico-lpa.infd.edu.ar\/sitio\/wp-json\/wp\/v2\/pages\/1066\/revisions"}],"predecessor-version":[{"id":1465,"href":"https:\/\/isfdbagralpico-lpa.infd.edu.ar\/sitio\/wp-json\/wp\/v2\/pages\/1066\/revisions\/1465"}],"wp:attachment":[{"href":"https:\/\/isfdbagralpico-lpa.infd.edu.ar\/sitio\/wp-json\/wp\/v2\/media?parent=1066"}],"curies":[{"name":"wp","href":"https:\/\/api.w.org\/{rel}","templated":true}]}}