{"id":867,"date":"2018-06-29T19:05:30","date_gmt":"2018-06-29T22:05:30","guid":{"rendered":"https:\/\/isfdbagralpico-lpa.infd.edu.ar\/sitio\/autoridades\/"},"modified":"2025-06-18T23:20:59","modified_gmt":"2025-06-19T02:20:59","slug":"autoridades","status":"publish","type":"page","link":"https:\/\/isfdbagralpico-lpa.infd.edu.ar\/sitio\/autoridades\/","title":{"rendered":"Personal del ISBA"},"content":{"rendered":"<h4>Rector\u00eda:<\/h4>\n<ul>\n<li>Perlo, Rosana Carina<\/li>\n<\/ul>\n<h4>Secretar\u00eda Acad\u00e9mica Pedag\u00f3gica Profesorados:<\/h4>\n<ul>\n<li>\u00a0Kloster, Jorgelina Mabel\u00a0<\/li>\n<\/ul>\n<h4>Secretar\u00eda T\u00e9cnica Pedag\u00f3gica de las Tecnicaturas:<\/h4>\n<ul>\n<li>\u00a0Ombroni, Sandra Marcela<\/li>\n<\/ul>\n<h4>Secretar\u00eda Administrativa:<\/h4>\n<ul>\n<li>Velasco, Lorena Edith<\/li>\n<li>Escudero, M\u00f3nica<\/li>\n<li>P\u00e9rez, Mar\u00eda Alejandra<\/li>\n<\/ul>\n<h4>Jefatura del Profesorado de Artes Visuales<\/h4>\n<ul>\n<li>Espertino, Margarita<\/li>\n<\/ul>\n<h4>Jefatura del Profesorado de M\u00fasica<\/h4>\n<ul>\n<li>Cuello, Mario Alberto<\/li>\n<\/ul>\n<h4>Departamento Estudiantado<\/h4>\n<ul>\n<li>Acu\u00f1a, Carlos Daniel<\/li>\n<li>Maidana, Liliana\u00a0 Beatriz<\/li>\n<li>Pereira, Sandra Liliana<\/li>\n<li>Ussino, Roc\u00edo Federica<\/li>\n<\/ul>\n<h4>Responsable de Recursos Bibliogr\u00e1ficos y Multimediales<\/h4>\n<ul>\n<li>Rold\u00e1n, Olga Lidia<\/li>\n<\/ul>\n\n\n<p><\/p>\n","protected":false},"excerpt":{"rendered":"<p>Rector\u00eda: Perlo, Rosana Carina Secretar\u00eda Acad\u00e9mica Pedag\u00f3gica Profesorados: \u00a0Kloster, Jorgelina Mabel\u00a0 Secretar\u00eda T\u00e9cnica Pedag\u00f3gica de las Tecnicaturas: \u00a0Ombroni, Sandra Marcela Secretar\u00eda Administrativa: Velasco, Lorena Edith Escudero, M\u00f3nica P\u00e9rez, Mar\u00eda Alejandra Jefatura del Profesorado de Artes Visuales Espertino, Margarita Jefatura del Profesorado de M\u00fasica Cuello, Mario Alberto Departamento Estudiantado Acu\u00f1a, Carlos Daniel Maidana, Liliana\u00a0 Beatriz Pereira, &#8230; <a title=\"Personal del ISBA\" class=\"read-more\" href=\"https:\/\/isfdbagralpico-lpa.infd.edu.ar\/sitio\/autoridades\/\" aria-label=\"More on Personal del ISBA\">[+]<\/a><\/p>\n","protected":false},"author":992,"featured_media":0,"parent":0,"menu_order":0,"comment_status":"closed","ping_status":"closed","template":"","meta":[],"acf":[],"_links":{"self":[{"href":"https:\/\/isfdbagralpico-lpa.infd.edu.ar\/sitio\/wp-json\/wp\/v2\/pages\/867"}],"collection":[{"href":"https:\/\/isfdbagralpico-lpa.infd.edu.ar\/sitio\/wp-json\/wp\/v2\/pages"}],"about":[{"href":"https:\/\/isfdbagralpico-lpa.infd.edu.ar\/sitio\/wp-json\/wp\/v2\/types\/page"}],"author":[{"embeddable":true,"href":"https:\/\/isfdbagralpico-lpa.infd.edu.ar\/sitio\/wp-json\/wp\/v2\/users\/992"}],"replies":[{"embeddable":true,"href":"https:\/\/isfdbagralpico-lpa.infd.edu.ar\/sitio\/wp-json\/wp\/v2\/comments?post=867"}],"version-history":[{"count":22,"href":"https:\/\/isfdbagralpico-lpa.infd.edu.ar\/sitio\/wp-json\/wp\/v2\/pages\/867\/revisions"}],"predecessor-version":[{"id":1660,"href":"https:\/\/isfdbagralpico-lpa.infd.edu.ar\/sitio\/wp-json\/wp\/v2\/pages\/867\/revisions\/1660"}],"wp:attachment":[{"href":"https:\/\/isfdbagralpico-lpa.infd.edu.ar\/sitio\/wp-json\/wp\/v2\/media?parent=867"}],"curies":[{"name":"wp","href":"https:\/\/api.w.org\/{rel}","templated":true}]}}